[INFO] fetching crate c2-logs 0.1.2...
[INFO] checking c2-logs-0.1.2 against master#9610dfe5a9a731ced1ea4923ecbd0c57fe367898 for beta-170-4
[INFO] extracting crate c2-logs 0.1.2 into /workspace/builds/worker-2-tc1/source
[INFO] validating manifest of crates.io crate c2-logs 0.1.2 on toolchain 9610dfe5a9a731ced1ea4923ecbd0c57fe367898
[INFO] running `Command { std: CARGO_HOME="/workspace/cargo-home" RUSTUP_HOME="/workspace/rustup-home" "/workspace/cargo-home/bin/cargo" "+9610dfe5a9a731ced1ea4923ecbd0c57fe367898" "metadata" "--manifest-path" "Cargo.toml" "--no-deps", kill_on_drop: false }`
[INFO] started tweaking crates.io crate c2-logs 0.1.2
[INFO] finished tweaking crates.io crate c2-logs 0.1.2
[INFO] tweaked toml for crates.io crate c2-logs 0.1.2 written to /workspace/builds/worker-2-tc1/source/Cargo.toml
[INFO] crate crates.io crate c2-logs 0.1.2 already has a lockfile, it will not be regenerated
[INFO] running `Command { std: CARGO_HOME="/workspace/cargo-home" RUSTUP_HOME="/workspace/rustup-home" "/workspace/cargo-home/bin/cargo" "+9610dfe5a9a731ced1ea4923ecbd0c57fe367898" "fetch" "--manifest-path" "Cargo.toml", kill_on_drop: false }`
[INFO] [stderr]  Downloading crates ...
[INFO] [stderr]   Downloaded is-terminal v0.4.3
[INFO] [stderr]   Downloaded clap v4.1.6
[INFO] running `Command { std: "docker" "create" "-v" "/var/lib/crater-agent-workspace/builds/worker-2-tc1/target:/opt/rustwide/target:rw,Z" "-v" "/var/lib/crater-agent-workspace/builds/worker-2-tc1/source:/opt/rustwide/workdir:ro,Z" "-v" "/var/lib/crater-agent-workspace/cargo-home:/opt/rustwide/cargo-home:ro,Z" "-v" "/var/lib/crater-agent-workspace/rustup-home:/opt/rustwide/rustup-home:ro,Z" "-e" "SOURCE_DIR=/opt/rustwide/workdir" "-e" "CARGO_TARGET_DIR=/opt/rustwide/target" "-e" "CARGO_HOME=/opt/rustwide/cargo-home" "-e" "RUSTUP_HOME=/opt/rustwide/rustup-home" "-w" "/opt/rustwide/workdir" "-m" "1610612736" "--user" "0:0" "--network" "none" "ghcr.io/rust-lang/crates-build-env/linux@sha256:19e73879b68f455e41552ea35293514db52ea292d993f571636dbffedb77a1ee" "/opt/rustwide/cargo-home/bin/cargo" "+9610dfe5a9a731ced1ea4923ecbd0c57fe367898" "metadata" "--no-deps" "--format-version=1", kill_on_drop: false }`
[INFO] [stdout] 06e85a75f7ec07e2ec2261f0c9ee45ee53784f9c06f4e2c17df46b7150a7a8e0
[INFO] running `Command { std: "docker" "start" "-a" "06e85a75f7ec07e2ec2261f0c9ee45ee53784f9c06f4e2c17df46b7150a7a8e0", kill_on_drop: false }`
[INFO] running `Command { std: "docker" "inspect" "06e85a75f7ec07e2ec2261f0c9ee45ee53784f9c06f4e2c17df46b7150a7a8e0", kill_on_drop: false }`
[INFO] running `Command { std: "docker" "rm" "-f" "06e85a75f7ec07e2ec2261f0c9ee45ee53784f9c06f4e2c17df46b7150a7a8e0", kill_on_drop: false }`
[INFO] [stdout] 06e85a75f7ec07e2ec2261f0c9ee45ee53784f9c06f4e2c17df46b7150a7a8e0
[INFO] running `Command { std: "docker" "create" "-v" "/var/lib/crater-agent-workspace/builds/worker-2-tc1/target:/opt/rustwide/target:rw,Z" "-v" "/var/lib/crater-agent-workspace/builds/worker-2-tc1/source:/opt/rustwide/workdir:ro,Z" "-v" "/var/lib/crater-agent-workspace/cargo-home:/opt/rustwide/cargo-home:ro,Z" "-v" "/var/lib/crater-agent-workspace/rustup-home:/opt/rustwide/rustup-home:ro,Z" "-e" "SOURCE_DIR=/opt/rustwide/workdir" "-e" "CARGO_TARGET_DIR=/opt/rustwide/target" "-e" "CARGO_INCREMENTAL=0" "-e" "RUST_BACKTRACE=full" "-e" "RUSTFLAGS=--cap-lints=forbid" "-e" "RUSTDOCFLAGS=--cap-lints=forbid" "-e" "CARGO_HOME=/opt/rustwide/cargo-home" "-e" "RUSTUP_HOME=/opt/rustwide/rustup-home" "-w" "/opt/rustwide/workdir" "-m" "1610612736" "--user" "0:0" "--network" "none" "ghcr.io/rust-lang/crates-build-env/linux@sha256:19e73879b68f455e41552ea35293514db52ea292d993f571636dbffedb77a1ee" "/opt/rustwide/cargo-home/bin/cargo" "+9610dfe5a9a731ced1ea4923ecbd0c57fe367898" "check" "--frozen" "--all" "--all-targets" "--message-format=json", kill_on_drop: false }`
[INFO] [stdout] 1964e9854efe035465b0e6a18f1cf736fbb4f5823d992aa8878e8b750a2b6afd
[INFO] running `Command { std: "docker" "start" "-a" "1964e9854efe035465b0e6a18f1cf736fbb4f5823d992aa8878e8b750a2b6afd", kill_on_drop: false }`
[INFO] [stderr]    Compiling libc v0.2.139
[INFO] [stderr]    Compiling io-lifetimes v1.0.5
[INFO] [stderr]    Compiling syn v1.0.107
[INFO] [stderr]    Compiling rustix v0.36.8
[INFO] [stderr]     Checking linux-raw-sys v0.1.4
[INFO] [stderr]    Compiling heck v0.4.1
[INFO] [stderr]     Checking os_str_bytes v6.4.1
[INFO] [stderr]    Compiling proc-macro-error-attr v1.0.4
[INFO] [stderr]     Checking static_assertions v1.1.0
[INFO] [stderr]    Compiling anyhow v1.0.69
[INFO] [stderr]     Checking clap_lex v0.3.1
[INFO] [stderr]     Checking windows-targets v0.42.1
[INFO] [stderr]     Checking once_cell v1.17.1
[INFO] [stderr]     Checking termcolor v1.2.0
[INFO] [stderr]     Checking windows v0.44.0
[INFO] [stderr]     Checking widestring v1.0.2
[INFO] [stderr]     Checking nix v0.26.2
[INFO] [stderr]     Checking ctrlc v3.2.5
[INFO] [stderr]     Checking is-terminal v0.4.3
[INFO] [stderr]    Compiling proc-macro-error v1.0.4
[INFO] [stderr]    Compiling clap_derive v4.1.0
[INFO] [stderr]     Checking clap v4.1.6
[INFO] [stderr]     Checking c2-logs v0.1.2 (/opt/rustwide/workdir)
[INFO] [stdout] error[E0433]: failed to resolve: could not find `windows` in `os`
[INFO] [stdout]  --> src/processes.rs:1:27
[INFO] [stdout]   |
[INFO] [stdout] 1 | use std::{ffi::OsStr, os::windows::prelude::OsStrExt};
[INFO] [stdout]   |                           ^^^^^^^ could not find `windows` in `os`
[INFO] [stdout] 
[INFO] [stdout] 
[INFO] [stdout] error[E0433]: failed to resolve: could not find `windows` in `os`
[INFO] [stdout]  --> src/processes.rs:1:27
[INFO] [stdout]   |
[INFO] [stdout] 1 | use std::{ffi::OsStr, os::windows::prelude::OsStrExt};
[INFO] [stdout]   |                           ^^^^^^^ could not find `windows` in `os`
[INFO] [stdout] 
[INFO] [stdout] 
[INFO] [stdout] error[E0599]: no method named `encode_wide` found for reference `&std::ffi::OsStr` in the current scope
[INFO] [stdout]   --> src/processes.rs:37:10
[INFO] [stdout]    |
[INFO] [stdout] 36 |       let wide_chatterino_name: Vec<u16> = executable_name
[INFO] [stdout]    |  __________________________________________-
[INFO] [stdout] 37 | |         .encode_wide()
[INFO] [stdout]    | |         -^^^^^^^^^^^ method not found in `&OsStr`
[INFO] [stdout]    | |_________|
[INFO] [stdout]    | 
[INFO] [stdout] 
[INFO] [stdout] 
[INFO] [stdout] error: aborting due to 2 previous errors
[INFO] [stdout] 
[INFO] [stdout] 
[INFO] [stdout] Some errors have detailed explanations: E0433, E0599.
[INFO] [stdout] 
[INFO] [stdout] For more information about an error, try `rustc --explain E0433`.
[INFO] [stdout] 
[INFO] [stderr] error: could not compile `c2-logs` (bin "c2-logs") due to 3 previous errors
[INFO] [stderr] warning: build failed, waiting for other jobs to finish...
[INFO] [stdout] error[E0599]: no method named `encode_wide` found for reference `&std::ffi::OsStr` in the current scope
[INFO] [stdout]   --> src/processes.rs:37:10
[INFO] [stdout]    |
[INFO] [stdout] 36 |       let wide_chatterino_name: Vec<u16> = executable_name
[INFO] [stdout]    |  __________________________________________-
[INFO] [stdout] 37 | |         .encode_wide()
[INFO] [stdout]    | |         -^^^^^^^^^^^ method not found in `&OsStr`
[INFO] [stdout]    | |_________|
[INFO] [stdout]    | 
[INFO] [stdout] 
[INFO] [stdout] 
[INFO] [stdout] error: aborting due to 2 previous errors
[INFO] [stdout] 
[INFO] [stdout] 
[INFO] [stdout] Some errors have detailed explanations: E0433, E0599.
[INFO] [stdout] 
[INFO] [stdout] For more information about an error, try `rustc --explain E0433`.
[INFO] [stdout] 
[INFO] [stderr] error: could not compile `c2-logs` (bin "c2-logs" test) due to 3 previous errors
[INFO] running `Command { std: "docker" "inspect" "1964e9854efe035465b0e6a18f1cf736fbb4f5823d992aa8878e8b750a2b6afd", kill_on_drop: false }`
[INFO] running `Command { std: "docker" "rm" "-f" "1964e9854efe035465b0e6a18f1cf736fbb4f5823d992aa8878e8b750a2b6afd", kill_on_drop: false }`
[INFO] [stdout] 1964e9854efe035465b0e6a18f1cf736fbb4f5823d992aa8878e8b750a2b6afd
